37?
36
Let w be (-3*1)/(105/4550). Let r = 147 + w. What is the remainder when 47 is divided by r?
13
Suppose 3*s - 4*d = 3025, -5*s = -4*d + d - 5071. Calculate the remainder when s is divided by 31.
27
Let f be (-152)/114*(-1008)/2. Let t = -629 + f. What is the remainder when t is divided by 8?
3
Let a = 4 + 0. Suppose 4*z = 24 - a. Suppose 384 = 3*v + z*v. What is the remainder when v is divided by 10?
8
Let r be 384/180 + 4/(-30). Suppose 5*x + 3*w - 320 = 0, -r*x + 2*w = -w - 128. Let l = 74 + -52. What is the remainder when x is divided by l?
20
Suppose -53*a - 2784 = -56*a. Suppose 8*v - a = 16*v. Let l = -99 - v. What is the remainder when 101 is divided by l?
16
Let k(m) = -m**2 + 38*m + 442. Let d(a) = -3*a. What is the remainder when k(-9) is divided by d(-5)?
4
Let b(n) = 119*n**3 + 5*n**2 - 15*n + 8. Let f(r) = -r**3 + 8*r**2 - 7*r. Calculate the remainder when b(1) is divided by f(6).
27
Suppose 291*f + 267 = 6087. What is the remainder when 52 is divided by f?
12
Suppose s - 940 = -4*v, v + 2*s - 16 = 226. What is the remainder when 2333 is divided by v?
227
Let p be (-2)/3 + 34/6. Suppose -p*b + 116 = -3*b. Let q = -249143 + 249153. What is the remainder when b is divided by q?
8
What is the remainder when -4*31059/(-336) - (-2)/8 is divided by 94?
88
Let l(t) = t**3 - 13*t**2 + 22*t + 9. Suppose -x + 321 = 4*c, -5*c + 2*x + 385 = -0*c. Calculate the remainder when c is divided by l(11).
7
Let s be 2*6 + (-62)/(-31). Suppose 158 = 12*n + s. What is the remainder when 23 is divided by n?
11
Suppose -41*v + 3024 = -2*v + 723. What is the remainder when 141 is divided by v?
23
Let h = 31 - 19. Suppose -2*k - 3*r + 6 + h = 0, 5*k + r - 45 = 0. Suppose -87 - 57 = -k*l. Calculate the remainder when 56 is divided by l.
8
Suppose -60*w + 69*w - 171 = 0. Suppose o + 31 = 2*o. Suppose 3*g = h + o, 0*g - 2*h + w = 3*g. Calculate the remainder when 44 is divided by g.
8
Let b be (-5)/(-15) + 5/3. Suppose -5*t + 51 = c, -b*c + 3*c - 7 = -t. Calculate the remainder when (1 - -194)*(-25)/(-75) is divided by t.
10
Suppose 0 = -3*g + 5*r + 3, -3*g - 3*r = -38 + 11. Suppose 3*z - 2*z = g. What is the remainder when 1309/33 + 3/9 is divided by z?
4
Suppose 3*p - 270 = 375. Suppose p + 10 = 9*c. What is the remainder when 93 is divided by c?
18
Suppose 0 = 51*m - 1805 + 275. What is the remainder when 1873 is divided by m?
13
Let i(r) = 16*r - 69. Let l be i(-16). Let t = l + 467. Calculate the remainder when t is divided by 51.
40
Suppose -2*z - 4*b = -5*b - 504, 3*b = -2*z + 520. What is the remainder when z is divided by 88?
78
Suppose -248*f + 245*f + 5603 = 2*t, -3*t = -3*f + 5568. Calculate the remainder when f is divided by 12.
3
Let j = -3507 + 3631. What is the remainder when 494 is divided by j?
122
Calculate the remainder when 200 is divided by ((-24)/(-27) - 506/198)/(1/(-33)).
35
Suppose 5720 = 371*m - 306*m. What is the remainder when 2284 is divided by m?
84
Let a(p) = -2*p + 6 + 43 + 21 + p**2. Calculate the remainder when a(7) is divided by 37.
31
Let u(c) = -c**3 + 92*c**2 - 671*c - 14. Calculate the remainder when 456 is divided by u(84).
36
What is the remainder when (-24)/(-28) + 54189/63 is divided by 861?
0
Suppose -2*m + 4*s + 94 = 0, m - 2 = -4*s + 21. Suppose 44*w - m*w = 470. What is the remainder when w is divided by 32?
30
Calculate the remainder when (-90 - -33)*(-2)/2 is divided by 24.
9
Suppose -8*i - p + 17590 = 0, 0 = 5*i - 2*i - 2*p - 6582. What is the remainder when i is divided by 55?
53
Suppose -25 = -5*u, -19 - 6 = -4*d - 5*u. Let v(h) = h**2 + 4*h + 12. What is the remainder when v(d) is divided by 7?
5
Let j = -105 + 75. Let g = 32 + j. Suppose 0 = -g*q - a + 158, -3*q + 5*a = -209 - 2. What is the remainder when q is divided by 20?
17
Suppose -c + 75 = 5*s, -2*c = s - 6*c - 36. Let h = -9872 + 9896. Calculate the remainder when h is divided by s.
8
Suppose 5*m - 140 = -2*o, 3*m + 0*m - 103 = -5*o. Suppose m*x = 20*x + 594. Suppose -11 + x = 2*l. Calculate the remainder when l is divided by 15.
14
Suppose -1772 = -4*v + 5*j, -5*v - 12*j + 15*j = -2202. Calculate the remainder when v is divided by (4 + -2)*1100/40.
53
Let o(u) = u**3 - 13*u - 17. Suppose 113*x + 60 = 125*x. What is the remainder when 159 is divided by o(x)?
30
Suppose 0 = -66*f + 71*f - 275. Let c(m) = m**2 - m - 9. Let y be c(4). Suppose -29 = y*o - 86. What is the remainder when f is divided by o?
17
Let w = 1455 + -2088. Let a = 685 + w. Calculate the remainder when a is divided by 29.
23
Suppose 0 = -58*p + 20*p - 20*p + 34742. Calculate the remainder when p is divided by 42.
11
Let b(y) = -137*y + 1240. Suppose -5*z + 5 = -25. What is the remainder when b(9) is divided by z?
1
Suppose -7*b = 4*b - 33. Suppose f - 851 = -4*r, -b*f = -3*r - 124 + 766. Calculate the remainder when r is divided by 43.
41
Suppose -2*v = 4, -3*v + 20 = 4*i - v. Let d be (-3)/(-4)*16/i - 4. Calculate the remainder when 51 is divided by (26 + 3 + -1)*d/(-4).
9
Suppose 3*m = 5*a - 4*a - 9, -5*m = -a + 11. Calculate the remainder when ((-375)/200)/((-5)/40) is divided by a.
3
Suppose -9*c + 79*c - 162 = 398. Let l(t) = -t**3 + 8*t**2 - 8*t + 4. Calculate the remainder when l(5) is divided by c.
7
Let z(p) be the second derivative of -17*p**3/6 - 2*p**2 - 3*p. Let q = -50 - -74. Calculate the remainder when z(-4) is divided by q.
16
What is the remainder when 233 - 45 - (-7 + 0) is divided by 22?
19
Let q be 1694/(-143) - 2/13. Let p = q + 19. Suppose p*g - 6*g = 6. What is the remainder when g is divided by 2?
0
Suppose 17*z - 44*z + 17*z + 220 = 0. Calculate the remainder when 365 is divided by z.
13
Let c = 394 + -215. Calculate the remainder when 2316 is divided by c.
168
Suppose b = -2*s - 3*s + 688, 2*s = -4*b + 2824. Let l = -319 + b. What is the remainder when l is divided by 30?
29
Calculate the remainder when (-4 + (-116)/(-6))/(6/3411 - 0) is divided by 20.
17
Let t(v) = v**3 + 3*v**2 - 7*v + 16. Let l be t(-5). Let d(k) = 74*k**2 - 3*k - 5. Calculate the remainder when 257 is divided by d(l).
59
Suppose 0 = -2*j, -j + 1174 = -5*l + 7769. What is the remainder when l is divided by 17?
10
Suppose 0 = -14*i + 6468 + 3598. Suppose 3*p - 12 = g + 103, 180 = 4*p + 4*g. What is the remainder when i is divided by p?
39
What is the remainder when (-29 - -1)*(6/(-8) - 0) is divided by -3 - (-1 - -2)/(6/(-54))?
3
Suppose 258*u = -10*u + 55476. What is the remainder when 233 is divided by u?
26
Suppose 0 = 4*l - 2*g - 3 - 81, 36 = 6*g. Calculate the remainder when 134 is divided by l.
14
Let c = 301 - 296. Suppose -c*f = 3*v - 414, 79 = 3*f - 2*v - 177. What is the remainder when f is divided by 17?
16
Suppose -2*v + 4*d + 286 = 5*d, 4 = d. Calculate the remainder when v is divided by 10 + (17 - 1 - 8).
15
Suppose -276*s + 272*s + 5121 = -1147. What is the remainder when s is divided by 28?
27
Let a(z) = z**3 - 25*z**2 - 52*z - 33. Suppose -9*p - 232 + 862 = 0. What is the remainder when p is divided by a(27)?
7
Let f(q) = -2*q - 7. Let u be f(-7). Let y = -551 + 556. Suppose -4*d + u = -3*m, -m + y*d - 14 = m. What is the remainder when 23 is divided by m?
2
Let r = 19 - -1. Let t = 47 + r. Let i = t - 41. What is the remainder when 76 is divided by i?
24
Let m = -216 - -1219. Calculate the remainder when m is divided by 36.
31
Calculate the remainder when 6 is divided by (((-45)/15)/(-3))/1.
0
Suppose -5*x = i + 10 + 288, 0 = 5*i - 5*x + 1610. Let z = i + 338. Let d(w) = 3*w**2 + 6*w - 7. What is the remainder when d(-5) is divided by z?
18
Suppose 58*g - 936 = 19*g. Calculate the remainder when 595 is divided by g.
19
Let x(r) = r**3 - 5*r**2 - 2*r + 15. Let q be x(5). Suppose -2*o + 9 = -q. Calculate the remainder when 70/10 + 6/2 is divided by o.
3
Let d(k) = -k**3 - 13*k**2 - 15*k - 23. Let c be (3 - 9) + (-13 - -7). What is the remainder when 258 is divided by d(c)?
11
Suppose -3*l - m = -36, -5*m - 9 = -3*l + 9. Suppose -l*o + 7*o + 32 = 0. What is the remainder when 23 is divided by o?
7
Let v = 50306 - 50169. Let q(m) = -m**2 - 2*m - 1. Let i be q(-2). Let h(o) = -24*o**3 - o**2 + o + 1. Calculate the remainder when v is divided by h(i).
22
Let f = 283 - 257. Suppose -s - 775 = -f*s. Calculate the remainder when 185 is divided by s.
30
Calculate th